ate the greatest common divisor of b and k.
15
Let f = -59 - -80. Let x be (-226)/(-8) + (-2)/8. Let s be (-1 - 2)/((-6)/x). Calculate the greatest common divisor of s and f.
7
Let b be 1/(66/12) - 240/(-11). What is the greatest common factor of b and 33?
11
Let a = 1 - 2. Let k = a - -5. Suppose 2*r - k*r = 5*d - 273, 5*r = -5. What is the greatest common factor of d and 22?
11
Suppose 0 = 2*i - 2, -5*g - 6*i = -3*i - 1173. Calculate the greatest common divisor of g and 26.
26
Let n(l) = -l + 5. Suppose 0 = -0*p + 5*p - 30. Let h be n(p). Let y be -2*h/((-1)/(-11)). Calculate the highest common factor of 55 and y.
11
Let v(x) = -6*x - 2. Suppose 0*z + 5*z + 10 = 0. Let j be v(z). What is the highest common divisor of 5 and j?
5
Suppose 0*p - 2*p = 0. Suppose p = -2*x + 97 - 9. What is the greatest common factor of x and 4?
4
Suppose -5*v - 2*y + 11 = y, 5*v - 14 = -2*y. Suppose -z = -v*l + 45, l - z = -l + 21. Let q = l + -2. Calculate the highest common factor of 40 and q.
10
Let b be (2 - 1) + (5 - 7). Let h be (0 + 0 + b)*-6. Calculate the highest common divisor of h and 6.
6
Let v = 585 + -376. Let h = -5 - -3. Let w(t) = -11*t - 3. Let g be w(h). Calculate the greatest common factor of g and v.
19
Let b(u) be the third derivative of -5*u**4/8 - u**3/6 + u**2. Let i be b(-1). What is the greatest common factor of 7 and i?
7
Let f be (-2)/16*-52*28. What is the greatest common divisor of f and 14?
14
Let h be 1*(-1 + 1) + 90. What is the highest common factor of 18 and h?
18
Suppose 3*y = -0*y + 3*b + 6, 0 = -5*y - b + 16. Suppose -3*t - 5 - 1 = y*l, 2 = 4*t + 2*l. Calculate the highest common factor of 33 and t.
3
Suppose -n - 2*z + 179 = 0, z - 4*z + 867 = 5*n. Let f be (-2)/(-4) - (-4)/(-8). Suppose -2*l = -f*l - 38. What is the greatest common divisor of l and n?
19
Let l(c) = -67*c + 5. Let t be l(-1). What is the highest common divisor of 9 and t?
9
Let k(o) = -o**3 + 8*o**2 + 6. Let f be k(8). Suppose -2 = b - f. Calculate the highest common divisor of 1 and b.
1
Let x be (-20)/(-11) - (-24)/132. Suppose x*g - 3*g = -21. Calculate the greatest common divisor of 14 and g.
7
Let u be ((-37)/2)/((-1)/22). Calculate the highest common factor of 37 and u.
37
Let n(v) be the third derivative of v**5/10 - v**4/12 - 3*v**2. Let t be n(-3). What is the greatest common factor of t and 24?
12
Suppose -7*m = -6*m - 28. What is the highest common factor of m and 252?
28
Suppose -3*w = 2*w. Let a be -1 + w + (14 - 0). What is the greatest common divisor of a and 13?
13
Let r(g) = 2*g + 46. Let o be r(-11). What is the greatest common divisor of o and 32?
8
Let v = 44 - 25. What is the highest common factor of v and 171?
19
Suppose -2*u + 1 + 7 = 0. Suppose p = u*p. Suppose p = 4*b - 4 - 4. Calculate the greatest common factor of 2 and b.
2
Let c = 7 + -5. Calculate the greatest common divisor of c and 2.
2
Let f(k) = -36*k + 2 + 0 + 34*k + k**2. Let y be f(2). What is the highest common factor of y and 5?
1
Let p be (-6)/(-4) - (-39)/6. Let s be -1 + (-1 - (2 - p)). Suppose 28 = s*j - 0*j. Calculate the greatest common divisor of 7 and j.
7
Let s(u) = 41*u + 1. Let j(c) = 83*c + 2. Let p(v) = 2*j(v) - 5*s(v). Let m be p(-2). Calculate the greatest common divisor of 7 and m.
7
Suppose -7*l + 4*v - 5 = -6*l, -4*l + 28 = -4*v. Calculate the highest common factor of l and 1.
1
Suppose 7*h = 10 - 3. What is the greatest common factor of 8 and h?
1
Suppose -u = -8*u + 14. Let d(r) = -r. Let l(p) = -14*p + 1. Let h(k) = 22*d(k) - 2*l(k). Let w be h(u). Calculate the greatest common divisor of w and 80.
10
Let h = 57 - 25. What is the highest common divisor of h and 8?
8
Let y(x) = x**3 - 6*x**2 + 2*x. Let b be y(6). Calculate the greatest common divisor of b and 96.
12
Let j(u) = 2*u + 0*u - u**2 - 2*u + u. Let n be j(2). Let a(g) = -5*g - 3. Let p be a(n). Calculate the greatest common divisor of p and 63.
7
Let u be (-2)/14*-2 + 496/28. What is the highest common factor of u and 126?
18
Suppose -3*o + 2*o = -16. What is the greatest common divisor of o and 8?
8
Let u be (-4)/(0 + -2 - -1). Let n = 9 - u. Let f be -2 + (2 - (-40)/2). Calculate the greatest common factor of f and n.
5
Let j be 6 + (-2 + 3)*-2. Suppose -3*h + j*h = 0. Let g be 55 - (-2 - -1)*h. Calculate the greatest common divisor of 22 and g.
11
Let s = 0 + 3. Let o be ((-24)/(-18))/((-4)/(-6)). What is the greatest common divisor of s and o?
1
Let o be (-204)/18 + (-1)/(-3). Let n = o - -62. What is the greatest common factor of 17 and n?
17
Suppose 4*h - 3*h = 12. Let p = -4 + 2. Let g be (-1 - 2 - p) + 61. Calculate the highest common factor of h and g.
12
Suppose 20*l + 6 = 23*l. What is the highest common divisor of l and 2?
2
Let f(r) = 8*r**2. Let m be f(-1). Let w(n) = n**3 - 6*n**2 - 9*n - 8. Let t be w(m). What is the greatest common divisor of 6 and t?
6
Let o(m) = -8*m + 8. Let p be o(-7). Calculate the highest common divisor of p and 8.
8
Let z(d) = -2*d**2 - 7*d - 6. Let r be z(-4). Let n be 12/(r/(-6) - 1). What is the greatest common divisor of 6 and n?
6
Let q(w) = w**2 - 4*w + 6. Let o be q(4). Let f be (-4)/(-6) - (-62)/o. What is the highest common divisor of f and 33?
11
Suppose 3*h = 20*h - 306. Calculate the greatest common factor of h and 45.
9
Let j = 109 - 13. Calculate the greatest common factor of 12 and j.
12
Let v(t) = t**3 + 9*t**2 + 7*t + 7. Let o be v(-8). Calculate the highest common divisor of o and 105.
15
Suppose 3*o = -0*o + 12, 4*y - 4*o + 12 = 0. What is the highest common factor of y and 1?
1
Let l(g) = 5*g + 6 - 6*g - 22*g. Let w be l(-5). Let y be (-2)/12 + (-268)/(-24). What is the highest common factor of w and y?
11
Let z be 0/1 + -3 + 4. Let d be 2 + (-3 - z) + 34. What is the highest common divisor of 32 and d?
32
Let z be 78/4*(-8)/(-6). Let w(l) be the second derivative of l**3/6 + 65*l**2/2 + l. Let r be w(0). What is the greatest common factor of z and r?
13
Let d = 224 + -153. Suppose 2*b = 2*l + b - d, -3*l + 5*b = -124. Suppose -5*r + 87 + 18 = -3*o, l = r - 3*o. What is the highest common divisor of 45 and r?
9
Suppose 0 = 2*m - 4*r - 2, 2*m + 3*r = -r + 26. What is the greatest common factor of 1 and m?
1
Let n = 81 - 18. What is the highest common divisor of 9 and n?
9
Let f(q) be the second derivative of q**5/20 - q**4/12 - q**3/2 + 3*q**2/2 - q. Let i be f(5). Calculate the highest common divisor of i and 8.
8
Suppose -43 = -2*n - 5*q + 43, -3*n + 79 = -5*q. Suppose -1 + n = 4*y. Calculate the highest common factor of 72 and y.
8
Let n(a) = -a**3 - 6*a**2 - a - 5. Suppose 0*i - 2*i - 8 = 0, 0 = -5*d + 4*i - 14. Let s be n(d). Calculate the greatest common factor of 11 and s.
1
Suppose 0 = 3*g - 0*g - 12, 0 = -2*r - 5*g + 24. Calculate the highest common divisor of r and 16.
2
Let w be 3 - -7 - (-3 - -1). Suppose f - 18 = w. Let v(t) = t**3 - t**2 + 6. Let x be v(0). What is the highest common divisor of f and x?
6
Let d be 54/(-12)*52/3*-1. Calculate the greatest common factor of d and 52.
26
Let x = -74 - -53. Let p be x/35 + (-366)/(-10). Suppose -167 = -5*k - 47. What is the greatest common divisor of p and k?
12
Let a(d) = 4*d**2 + d + 7. Let z be a(5). Calculate the highest common divisor of 28 and z.
28
Suppose 3*p + 30 = -2*p. Let r be (-86)/p - (-3)/(-9). Calculate the highest common factor of r and 112.
14
Let d = -52 + 120. Suppose 2*r - d = 16. Calculate the greatest common divisor of r and 28.
14
Suppose -4*s = 0, 0 = 3*f + 5*s - 58 - 8. Let i(v) = -2*v - 6. Let g be i(-5). Let q be 6/g + (-1)/(-2). Calculate the highest common divisor of f and q.
2
Let a(d) = -5*d**3 - 6*d**2 - 3*d + 1. Let s be a(-4). Suppose 5*t + 48 = w, 2*t + 3*t + s = 4*w. Calculate the greatest common factor of 7 and w.
7
Suppose 32 = -3*d + 5*d. Let a = 55 - 7. Let f = 88 - a. What is the greatest common factor of f and d?
8
Suppose 3*r - 6*r + 12 = 0, -5*r + 40 = -5*t. Let y(i) = -3*i - 3*i - 32*i**2 + 31*i**2 - 2. Let g be y(t). Calculate the highest common factor of 2 and g.
2
Suppose c - 13*c = -144. Calculate the greatest common divisor of 12 and c.
12
Suppose -i = 14*i - 300. Calculate the highest common factor of i and 60.
20
Let a be 3/(-9) + (-152)/(-6). Calculate the greatest common divisor of 10 and a.
5
Let x(t) = t + 8. L